usands digit of n?
3
Let v = 2950 + -1681. Suppose -p = -4*n - 143 - 1150, -2*n = p - v. What is the tens digit of p?
7
Let p be 14 - (-5 + 12) - 122. What is the hundreds digit of (p/(-46))/((-2)/(-236))?
2
Let p be 13710/18 - 1/(-3). Let u = p + -249. What is the units digit of u?
3
Suppose 2*v = v + 3. Suppose 26 = v*q - 121. Let w = 72 - q. What is the units digit of w?
3
Let q be -4*(-2)/68 - 205176/(-408). Suppose 3*y + 4*i - 455 = -94, -i = 4*y - q. What is the units digit of y?
7
Suppose 3*g - 5*g = 3*b - 6749, 2*b - 5*g - 4493 = 0. What is the thousands digit of b?
2
Let z be (5/(-3))/(45/(-54)). Suppose -z*a = 2*a - 8. What is the units digit of 282/12 + (-1)/a?
3
Let d be (4 + -3)*35/(-3)*-3. Let r be (-120)/(-14)*d/(-5). Let f = r - -91. What is the units digit of f?
1
Suppose 0 = -3*n, -240 = 2*q - 8*n + 12*n. Let b = 411 - q. What is the hundreds digit of b?
5
Let c(h) = h**2 + 19*h + 9. Let p be c(-20). Let r be (48/5)/((-2)/(-30)). Suppose 31*l = p*l + r. What is the units digit of l?
2
Suppose -l = 5*r - 2815, -2553 = -4*r + l - 301. Let d = r - 223. What is the tens digit of d?
4
What is the hundreds digit of 3396/20 - 4/5?
1
Let l = 697 - 697. Suppose l = i - 2*q - 945, -i - 484 = 4*q - 1429. What is the tens digit of i?
4
Let w be 156*(-1 + 35/28). Suppose -4*v = -5*c, -c + 0*c + 24 = 4*v. Suppose w = -y + c*y. What is the tens digit of y?
1
Let f be 1 - (-7)/(28/12). Suppose 3*i - 2912 = -f*d, 4*i = 6*d - 9*d + 2191. What is the units digit of d?
5
Suppose 2*d - 36620 = -3*b, -2841 = 2*d - 4*b - 39447. What is the units digit of d?
7
Let w = 41 + -1. What is the tens digit of -5*(-5552)/w - (-7 + 2)?
9
Let n = 24722 - 15933. What is the hundreds digit of n?
7
Let p(s) = -266*s + 13. Let a be p(-2). Suppose 4997 = 6*z + a. What is the units digit of z?
2
Let u = 16 - 13. Suppose -753 - 246 = -u*j. What is the units digit of j?
3
Suppose -610 = -9*n + 19*n. Let k = n + 71. What is the tens digit of (6 - (-84)/(-9))*(-768)/k?
5
Suppose 35*k - 33*k = -10. What is the tens digit of 466/k*-5 + 1*-3?
6
Let g(s) = 3*s**3 - 8*s**2 - 5*s - 7. Let v be g(-5). Let j = 1020 - v. What is the tens digit of j?
7
Let i(r) = r**2 - 36*r + 22. Suppose 18 + 34 = -5*u - h, 0 = -4*u + 2*h - 36. What is the hundreds digit of i(u)?
4
Suppose -3*o + 592 = 613, -5*m + 4*o = -235558. What is the thousands digit of m?
7
Let b(g) = 2400*g**2 - 264*g + 531. What is the tens digit of b(2)?
0
Suppose 0 = -2*l - 0*s + s - 866, 5*s + 890 = -2*l. Let m = 1053 + l. What is the tens digit of m?
1
Let b(i) = i**2 - 9*i + 17. Let v = 15 - 8. Let l be b(v). Suppose -323 = -l*w + 4*r, 673 = 5*w - 3*r + 153. What is the units digit of w?
1
Let r be (-4)/18 + (-8273)/(-9). Suppose 5*m - 1560 = -4*l, 2*l - l + r = 3*m. What is the units digit of m?
8
Let s be (9*(-7799)/33)/((-6)/8). Suppose -5*m + o + s = -2*o, 1147 = 2*m + 3*o. What is the units digit of m?
9
Suppose -2*f + 5 = -c, 0*f + 5*f = -3*c + 7. Suppose 0 = -4*j - 0*w - 5*w + 144, -f*w = j - 36. Suppose j*l - 120 = 32*l. What is the tens digit of l?
3
Let p(j) = 58*j**2 - 28*j - 8. What is the ten thousands digit of p(-17)?
1
Let p = 9 + -27. What is the tens digit of 18 + p + (-522)/(-2)?
6
Let r(y) = -226*y - 205. Let n be (2 - 1)/((2 + -8)/36). What is the hundreds digit of r(n)?
1
Let o be 672/36*(-6)/(-8). Suppose o*d = 28 - 0. Suppose 3*t = -d*c + 473, 2*t = 2*c - 5*c + 702. What is the tens digit of c?
3
Let r be (-8)/36 - 1429/9. Let z = r + 226. Suppose -5*f + z = -818. What is the units digit of f?
7
Suppose -2145 = -9*v - 4*v. Suppose -5*k = -5*i + 1159 - 414, -i - 3*k + v = 0. What is the units digit of i?
3
Let l(m) = 74*m + 1133. What is the hundreds digit of l(-7)?
6
Suppose -10302 = -4*o + 2*i, 3*o - 21*i + 18*i - 7725 = 0. Let f = o + -1485. What is the thousands digit of f?
1
Suppose -534*f = -529*f + 4*z - 61366, -3*f + 36821 = z. What is the hundreds digit of f?
2
What is the units digit of 591624/96 - (-1)/4*1?
3
Let y(t) = -652*t**3 - 5*t**2 + t + 9. What is the units digit of y(-3)?
5
Let c be (-356)/5*(-225)/90. Let p = -17 + c. What is the units digit of p?
1
Let o be ((-72)/(-57))/12 + (-55)/(-19). Suppose 0 = -4*x + 5*d + 781 + 1682, -o*x + 1830 = 2*d. What is the hundreds digit of x?
6
What is the hundreds digit of (30/8)/((-276)/(-3232144))?
9
Let x = -14234 - -21294. What is the hundreds digit of x?
0
Suppose 7*m + 5400 = 2*m. Let i = m + 1823. What is the units digit of i?
3
Suppose 300 = 4*k + 2728. Let y = k + 906. What is the units digit of y?
9
Let y(r) = r**3 + 1 - 2 - 2*r**2 + 4 + 0*r**3 - 2*r. Let d be y(0). Suppose 3*z - 32 = -f, 0 = d*f + 2*z - 124. What is the tens digit of f?
4
Let r(p) be the third derivative of 5*p**6/8 - p**5/12 + p**4/12 + p**3 + 21*p**2. What is the tens digit of r(2)?
9
Suppose 0 = -3*o - 3*u + 721 + 15524, -2*u = -3*o + 16235. What is the tens digit of o?
1
Let v be 2/(-7) - 1026/(-14). Let d = 17933 - 17930. What is the units digit of v + -3 + (d - 5)?
8
Suppose -137*f + 180*f = 214742. What is the hundreds digit of f?
9
What is the units digit of (138164/(-104))/(2/4)*-5*1?
5
Suppose -4 = i - 10. Suppose 0 = 8*j - i*j - 294. Suppose 5*k - 2*k = -5*l + 756, j = l + 2*k. What is the units digit of l?
3
Suppose 0 = -33*x + 32*x + 15. Let p be (10/x)/(1/102). Let n = p - -17. What is the tens digit of n?
8
Let p be ((-1 - 1) + 1)/(8/(-3688)). Let l = 691 - p. What is the hundreds digit of l?
2
Suppose -16 = -11*i + 39. Suppose -781 = -4*x + d, -i*x = -9*x - d + 779. What is the units digit of x?
5
Suppose -62 = 6*j + 22. Let k be (j/(-2))/((-3)/3). Let u(p) = p**2 - 19*p - 31. What is the hundreds digit of u(k)?
1
Let q(u) = -7*u**3 - 21*u**2 - 27*u - 31. What is the units digit of q(-16)?
7
Let r = 20 + -23. Let w(o) = -1. Let n(p) = 9*p - 26. Let x(y) = r*w(y) + n(y). What is the units digit of x(12)?
5
What is the thousands digit of ((-10)/(-50))/(13/389545)?
5
Suppose -30 = -k - 5. Suppose 3*a = 8*a + 4*x - 30, 5*a = -3*x + k. What is the units digit of a - (3 - 5 - (0 + 219))?
3
Suppose 2*u + 66 = 470. Let b = 367 - u. Suppose c + b = -3*f + 497, -c = 2*f - 220. What is the units digit of f?
2
Let m be (2/6)/(3 - (-51)/(-18)). Suppose c = m*u - 37, -3*u - 89 = -8*u - c. Suppose 116 = 2*x - 5*w + u, 3*w + 6 = 0. What is the tens digit of x?
4
Suppose -197*n + 12 = -195*n. Suppose n*t - 48 = 12. What is the tens digit of t?
1
Suppose -3*d = 4*c - 4405, -17*c + 14*c + 3303 = 3*d. Suppose -4*i - 5*k + 2289 = 0, 5*i - 1790 = 4*k + c. What is the hundreds digit of i?
5
Let g(f) = 250*f**3 - 5*f**2 + 5*f. Let x be g(3). Suppose 9*q - x = -7*q. What is the units digit of q?
0
Suppose 3*v - v - 1466 - 12760 = 0. What is the tens digit of v?
1
Suppose -8*u + 3*u = -30. Suppose -u*h = -5*h - 90. Suppose 0*r - 4*l = -r + 88, r = 2*l + h. What is the tens digit of r?
9
Let j(p) = -p**2 + 21*p - 6. Let w(b) = -2. Let z(y) = 2*j(y) + 10*w(y). What is the units digit of z(17)?
4
Suppose -4*n + 326 = -758. Suppose w = -3*w - 5*i + 1039, 5*i = -w + n. What is the hundreds digit of w?
2
Let s(j) = 9 + 14*j**3 - 27*j**3 + 3*j - 3 - 5*j**2 + 14*j**3. Let p be s(4). Suppose -826 = -3*c - d, c - p*d - 454 = -181. What is the tens digit of c?
7
Let z = -501 + 225. Let t = z + 368. What is the units digit of t?
2
Suppose -p - 4 = -1. What is the tens digit of (p/(-15) + 22/(-5))*-95?
9
Let t(g) = 6*g - 2. Let q be t(1). Let r be ((4/(-1))/q)/(1/(-168)). What is the tens digit of (-2)/(-1 + (-1)/((-171)/r))?
1
Suppose -b - i + 7970 = 0, 3*b = -242*i + 241*i + 23916. What is the units digit of b?
3
Suppose 0 = 2*t - 2*u - 2, -5*u + 3*u - 1 = -3*t. Let l(r) = 314*r**3 + r + 1. Let f be l(t). Let k = -189 - f. What is the hundreds digit of k?
1
Suppose 20*x = 18 - 98. Suppose -37 = 2*o - 3. What is the units digit of (-379)/x + o/(-68)?
5
Let f = -43 + 41. Let z be (0/f)/(2 + (-2 - -1)). Suppose 4*w + 2*a + 0*a - 628 = z, -2*a - 644 = -4*w. What is the units digit of w?
9
Let b = 572 + -2153. Let a = -1034 - b. What is the units digit of a?
7
Let j be (-1)/(-6) + 2*(-21)/36. Let y be j*2/((-2)/197). Suppose -c = -2*b - 76, 4*b + 171 = 5*c - y. What is the units digit of c?
2
Let d = -362 + 1530. What is the hundreds digit of d?
1
Let f = -50 - -54. Let k be f/2 